{"id":1271,"date":"2020-04-16T07:57:42","date_gmt":"2020-04-16T07:57:42","guid":{"rendered":"http:\/\/steuerberater-plinke.de\/?page_id=1271"},"modified":"2020-04-18T09:04:30","modified_gmt":"2020-04-18T09:04:30","slug":"links","status":"publish","type":"page","link":"http:\/\/steuerberater-plinke.de\/?page_id=1271","title":{"rendered":"LINKS"},"content":{"rendered":"\t\t<div data-elementor-type=\"wp-post\" data-elementor-id=\"1271\" class=\"elementor elementor-1271\" data-elementor-settings=\"[]\">\n\t\t\t\t\t\t<div class=\"elementor-inner\">\n\t\t\t\t\t\t\t<div class=\"elementor-section-wrap\">\n\t\t\t\t\t\t\t<section class=\"elementor-section elementor-top-section elementor-element elementor-element-e9bf7c9 elementor-section-boxed elementor-section-height-default elementor-section-height-default parallax_section_no qode_elementor_container_no\" data-id=\"e9bf7c9\" data-element_type=\"section\">\n\t\t\t\t\t\t<div class=\"elementor-container elementor-column-gap-default\">\n\t\t\t\t\t\t\t<div class=\"elementor-row\">\n\t\t\t\t\t<div class=\"elementor-column elementor-col-100 elementor-top-column elementor-element elementor-element-0d847fd\" data-id=\"0d847fd\" data-element_type=\"column\">\n\t\t\t<div class=\"elementor-column-wrap elementor-element-populated\">\n\t\t\t\t\t\t\t<div class=\"elementor-widget-wrap\">\n\t\t\t\t\t\t<div class=\"elementor-element elementor-element-8888b0d elementor-widget elementor-widget-spacer\" data-id=\"8888b0d\" data-element_type=\"widget\" data-widget_type=\"spacer.default\">\n\t\t\t\t<div class=\"elementor-widget-container\">\n\t\t\t\t\t<div class=\"elementor-spacer\">\n\t\t\t<div class=\"elementor-spacer-inner\"><\/div>\n\t\t<\/div>\n\t\t\t\t<\/div>\n\t\t\t\t<\/div>\n\t\t\t\t\t\t<\/div>\n\t\t\t\t\t<\/div>\n\t\t<\/div>\n\t\t\t\t\t\t\t\t<\/div>\n\t\t\t\t\t<\/div>\n\t\t<\/section>\n\t\t\t\t<section class=\"elementor-section elementor-top-section elementor-element elementor-element-41edf07 elementor-section-boxed elementor-section-height-default elementor-section-height-default parallax_section_no qode_elementor_container_no\" data-id=\"41edf07\" data-element_type=\"section\">\n\t\t\t\t\t\t<div class=\"elementor-container elementor-column-gap-default\">\n\t\t\t\t\t\t\t<div class=\"elementor-row\">\n\t\t\t\t\t<div class=\"elementor-column elementor-col-100 elementor-top-column elementor-element elementor-element-8a29243\" data-id=\"8a29243\" data-element_type=\"column\">\n\t\t\t<div class=\"elementor-column-wrap elementor-element-populated\">\n\t\t\t\t\t\t\t<div class=\"elementor-widget-wrap\">\n\t\t\t\t\t\t<div class=\"elementor-element elementor-element-992f0bf elementor-position-left elementor-vertical-align-top elementor-widget elementor-widget-image-box\" data-id=\"992f0bf\" data-element_type=\"widget\" data-widget_type=\"image-box.default\">\n\t\t\t\t<div class=\"elementor-widget-container\">\n\t\t\t<div class=\"elementor-image-box-wrapper\"><figure class=\"elementor-image-box-img\"><a href=\"https:\/\/www.datev.de\/web\/de\/startseite\/startseite-n\/\"><img width=\"250\" height=\"150\" src=\"http:\/\/steuerberater-plinke.de\/wp-content\/uploads\/2020\/04\/datev.png\" class=\"attachment-full size-full\" alt=\"\" loading=\"lazy\" \/><\/a><\/figure><div class=\"elementor-image-box-content\"><h4 class=\"elementor-image-box-title\"><a href=\"https:\/\/www.datev.de\/web\/de\/startseite\/startseite-n\/\">DATEV<\/a><\/h4><p class=\"elementor-image-box-description\"><br>Auf dieser Seite, finden Sie alles wichtige zu gesetzlichen Neuerungen, DATEV-Software und strategischen Fragen.<\/p><\/div><\/div>\t\t<\/div>\n\t\t\t\t<\/div>\n\t\t\t\t<div class=\"elementor-element elementor-element-1228a18 elementor-position-left elementor-vertical-align-top elementor-widget elementor-widget-image-box\" data-id=\"1228a18\" data-element_type=\"widget\" data-widget_type=\"image-box.default\">\n\t\t\t\t<div class=\"elementor-widget-container\">\n\t\t\t<div class=\"elementor-image-box-wrapper\"><figure class=\"elementor-image-box-img\"><a href=\"http:\/\/gemfa.bzst.bund.de\/gemfai.exe?rel=nofollow\"><img width=\"250\" height=\"150\" src=\"http:\/\/steuerberater-plinke.de\/wp-content\/uploads\/2020\/04\/bundeszentralamt_fuer_steuern.png\" class=\"attachment-full size-full\" alt=\"\" loading=\"lazy\" \/><\/a><\/figure><div class=\"elementor-image-box-content\"><h4 class=\"elementor-image-box-title\"><a href=\"http:\/\/gemfa.bzst.bund.de\/gemfai.exe?rel=nofollow\">Zust\u00e4ndiges Finanzamt<\/a><\/h4><p class=\"elementor-image-box-description\"><br>Unter diesem Link kommen Sie auf die Seite des Bundeszentralamtes f\u00fcr Steuern, wo Sie ein Suchformular finden, mit welchem Sie Ihr zust\u00e4ndiges Finanzamt finden k\u00f6nnen.<\/p><\/div><\/div>\t\t<\/div>\n\t\t\t\t<\/div>\n\t\t\t\t<div class=\"elementor-element elementor-element-bc6c3b7 elementor-position-left elementor-vertical-align-top elementor-widget elementor-widget-image-box\" data-id=\"bc6c3b7\" data-element_type=\"widget\" data-widget_type=\"image-box.default\">\n\t\t\t\t<div class=\"elementor-widget-container\">\n\t\t\t<div class=\"elementor-image-box-wrapper\"><figure class=\"elementor-image-box-img\"><a href=\"https:\/\/www.unternehmensregister.de\/ureg\/\"><img width=\"250\" height=\"150\" src=\"http:\/\/steuerberater-plinke.de\/wp-content\/uploads\/2020\/04\/unternehmensregister.png\" class=\"attachment-full size-full\" alt=\"\" loading=\"lazy\" \/><\/a><\/figure><div class=\"elementor-image-box-content\"><h4 class=\"elementor-image-box-title\"><a href=\"https:\/\/www.unternehmensregister.de\/ureg\/\">Unternehmensregister<\/a><\/h4><p class=\"elementor-image-box-description\"><br>Die zentrale Plattform f\u00fcr die Speicherung von Unternehmensdaten. Auf dieser Seite, k\u00f6nnen Sie kostenlos und ohne Registrierung nach allen wichtigen ver\u00f6ffentlichungspflichtigen Daten \u00fcber Unternehmen suchen und haben Zugriff auf das elektronische Handels-, Genossenschafts- und Partnerschaftsregister.<\/p><\/div><\/div>\t\t<\/div>\n\t\t\t\t<\/div>\n\t\t\t\t<div class=\"elementor-element elementor-element-fc9717a elementor-position-left elementor-vertical-align-top elementor-widget elementor-widget-image-box\" data-id=\"fc9717a\" data-element_type=\"widget\" data-widget_type=\"image-box.default\">\n\t\t\t\t<div class=\"elementor-widget-container\">\n\t\t\t<div class=\"elementor-image-box-wrapper\"><figure class=\"elementor-image-box-img\"><a href=\"http:\/\/ec.europa.eu\/taxation_customs\/vies\/vieshome.do\"><img width=\"250\" height=\"150\" src=\"http:\/\/steuerberater-plinke.de\/wp-content\/uploads\/2020\/04\/europaische_kommission.png\" class=\"attachment-full size-full\" alt=\"\" loading=\"lazy\" \/><\/a><\/figure><div class=\"elementor-image-box-content\"><h4 class=\"elementor-image-box-title\"><a href=\"http:\/\/ec.europa.eu\/taxation_customs\/vies\/vieshome.do\">USt-ID-Nr. pr\u00fcfen<\/a><\/h4><p class=\"elementor-image-box-description\"><br>Hier k\u00f6nnen Sie die G\u00fcltigkeit einer MwSt-Nummer f\u00fcr ein bestimmtes Land \u00fcberpr\u00fcfen lassen, mithilfe einer Online-Pr\u00fcfung.<\/p><\/div><\/div>\t\t<\/div>\n\t\t\t\t<\/div>\n\t\t\t\t<div class=\"elementor-element elementor-element-f7b0454 elementor-position-left elementor-vertical-align-top elementor-widget elementor-widget-image-box\" data-id=\"f7b0454\" data-element_type=\"widget\" data-widget_type=\"image-box.default\">\n\t\t\t\t<div class=\"elementor-widget-container\">\n\t\t\t<div class=\"elementor-image-box-wrapper\"><figure class=\"elementor-image-box-img\"><a href=\"https:\/\/www.kfw.de\/kfw.de.html\"><img width=\"250\" height=\"150\" src=\"http:\/\/steuerberater-plinke.de\/wp-content\/uploads\/2020\/04\/kfw.png\" class=\"attachment-full size-full\" alt=\"\" loading=\"lazy\" \/><\/a><\/figure><div class=\"elementor-image-box-content\"><h4 class=\"elementor-image-box-title\"><a href=\"https:\/\/www.kfw.de\/kfw.de.html\">KfW<\/a><\/h4><p class=\"elementor-image-box-description\"><br>Auf der Webseite der KfW, finden Sie aktuelle Zinskonditionen, erhalten Beratung von Finanzierungspartnern oder haben ein Online Kreditportal.<\/p><\/div><\/div>\t\t<\/div>\n\t\t\t\t<\/div>\n\t\t\t\t\t\t<\/div>\n\t\t\t\t\t<\/div>\n\t\t<\/div>\n\t\t\t\t\t\t\t\t<\/div>\n\t\t\t\t\t<\/div>\n\t\t<\/section>\n\t\t\t\t<section class=\"elementor-section elementor-top-section elementor-element elementor-element-30ec5b6 elementor-section-boxed elementor-section-height-default elementor-section-height-default parallax_section_no qode_elementor_container_no\" data-id=\"30ec5b6\" data-element_type=\"section\">\n\t\t\t\t\t\t<div class=\"elementor-container elementor-column-gap-default\">\n\t\t\t\t\t\t\t<div class=\"elementor-row\">\n\t\t\t\t\t<div class=\"elementor-column elementor-col-100 elementor-top-column elementor-element elementor-element-f127889\" data-id=\"f127889\" data-element_type=\"column\">\n\t\t\t<div class=\"elementor-column-wrap elementor-element-populated\">\n\t\t\t\t\t\t\t<div class=\"elementor-widget-wrap\">\n\t\t\t\t\t\t<div class=\"elementor-element elementor-element-2ec9a3d elementor-widget elementor-widget-spacer\" data-id=\"2ec9a3d\" data-element_type=\"widget\" data-widget_type=\"spacer.default\">\n\t\t\t\t<div class=\"elementor-widget-container\">\n\t\t\t\t\t<div class=\"elementor-spacer\">\n\t\t\t<div class=\"elementor-spacer-inner\"><\/div>\n\t\t<\/div>\n\t\t\t\t<\/div>\n\t\t\t\t<\/div>\n\t\t\t\t\t\t<\/div>\n\t\t\t\t\t<\/div>\n\t\t<\/div>\n\t\t\t\t\t\t\t\t<\/div>\n\t\t\t\t\t<\/div>\n\t\t<\/section>\n\t\t\t\t\t\t<\/div>\n\t\t\t\t\t\t<\/div>\n\t\t\t\t\t<\/div>\n\t\t","protected":false},"excerpt":{"rendered":"<p>DATEV Auf dieser Seite, finden Sie alles wichtige zu gesetzlichen Neuerungen, DATEV-Software und strategischen Fragen. Zust\u00e4ndiges Finanzamt Unter diesem Link kommen Sie auf die Seite des Bundeszentralamtes f\u00fcr Steuern, wo Sie ein Suchformular finden, mit welchem Sie Ihr zust\u00e4ndiges Finanzamt finden k\u00f6nnen. Unternehmensregister Die zentrale&#8230;<\/p>\n","protected":false},"author":1,"featured_media":0,"parent":0,"menu_order":0,"comment_status":"closed","ping_status":"closed","template":"full_width.php","meta":[],"yoast_head":"<!-- This site is optimized with the Yoast SEO plugin v15.0 - https:\/\/yoast.com\/wordpress\/plugins\/seo\/ -->\n<title>LINKS - Plinke Steuerberatungsgesellschaft mbH<\/title>\n<meta name=\"robots\" content=\"index, follow, max-snippet:-1, max-image-preview:large, max-video-preview:-1\" \/>\n<link rel=\"canonical\" href=\"http:\/\/steuerberater-plinke.de\/?page_id=1271\" \/>\n<meta property=\"og:locale\" content=\"de_DE\" \/>\n<meta property=\"og:type\" content=\"article\" \/>\n<meta property=\"og:title\" content=\"LINKS - Plinke Steuerberatungsgesellschaft mbH\" \/>\n<meta property=\"og:description\" content=\"DATEV Auf dieser Seite, finden Sie alles wichtige zu gesetzlichen Neuerungen, DATEV-Software und strategischen Fragen. Zust\u00e4ndiges Finanzamt Unter diesem Link kommen Sie auf die Seite des Bundeszentralamtes f\u00fcr Steuern, wo Sie ein Suchformular finden, mit welchem Sie Ihr zust\u00e4ndiges Finanzamt finden k\u00f6nnen. Unternehmensregister Die zentrale...\" \/>\n<meta property=\"og:url\" content=\"http:\/\/steuerberater-plinke.de\/?page_id=1271\" \/>\n<meta property=\"og:site_name\" content=\"Plinke Steuerberatungsgesellschaft mbH\" \/>\n<meta property=\"article:modified_time\" content=\"2020-04-18T09:04:30+00:00\" \/>\n<meta property=\"og:image\" content=\"http:\/\/steuerberater-plinke.de\/wp-content\/uploads\/2020\/04\/datev.png\" \/>\n<script type=\"application\/ld+json\" class=\"yoast-schema-graph\">{\"@context\":\"https:\/\/schema.org\",\"@graph\":[{\"@type\":\"WebSite\",\"@id\":\"http:\/\/steuerberater-plinke.de\/#website\",\"url\":\"http:\/\/steuerberater-plinke.de\/\",\"name\":\"Plinke Steuerberatungsgesellschaft mbH\",\"description\":\"Wolfgang Plinke | Wehrheim | Regensburg\",\"potentialAction\":[{\"@type\":\"SearchAction\",\"target\":\"http:\/\/steuerberater-plinke.de\/?s={search_term_string}\",\"query-input\":\"required name=search_term_string\"}],\"inLanguage\":\"de-DE\"},{\"@type\":\"ImageObject\",\"@id\":\"http:\/\/steuerberater-plinke.de\/?page_id=1271#primaryimage\",\"inLanguage\":\"de-DE\",\"url\":\"http:\/\/steuerberater-plinke.de\/wp-content\/uploads\/2020\/04\/datev.png\",\"width\":250,\"height\":150},{\"@type\":\"WebPage\",\"@id\":\"http:\/\/steuerberater-plinke.de\/?page_id=1271#webpage\",\"url\":\"http:\/\/steuerberater-plinke.de\/?page_id=1271\",\"name\":\"LINKS - Plinke Steuerberatungsgesellschaft mbH\",\"isPartOf\":{\"@id\":\"http:\/\/steuerberater-plinke.de\/#website\"},\"primaryImageOfPage\":{\"@id\":\"http:\/\/steuerberater-plinke.de\/?page_id=1271#primaryimage\"},\"datePublished\":\"2020-04-16T07:57:42+00:00\",\"dateModified\":\"2020-04-18T09:04:30+00:00\",\"inLanguage\":\"de-DE\",\"potentialAction\":[{\"@type\":\"ReadAction\",\"target\":[\"http:\/\/steuerberater-plinke.de\/?page_id=1271\"]}]}]}<\/script>\n<!-- \/ Yoast SEO plugin. -->","_links":{"self":[{"href":"http:\/\/steuerberater-plinke.de\/index.php?rest_route=\/wp\/v2\/pages\/1271"}],"collection":[{"href":"http:\/\/steuerberater-plinke.de\/index.php?rest_route=\/wp\/v2\/pages"}],"about":[{"href":"http:\/\/steuerberater-plinke.de\/index.php?rest_route=\/wp\/v2\/types\/page"}],"author":[{"embeddable":true,"href":"http:\/\/steuerberater-plinke.de\/index.php?rest_route=\/wp\/v2\/users\/1"}],"replies":[{"embeddable":true,"href":"http:\/\/steuerberater-plinke.de\/index.php?rest_route=%2Fwp%2Fv2%2Fcomments&post=1271"}],"version-history":[{"count":6,"href":"http:\/\/steuerberater-plinke.de\/index.php?rest_route=\/wp\/v2\/pages\/1271\/revisions"}],"predecessor-version":[{"id":1341,"href":"http:\/\/steuerberater-plinke.de\/index.php?rest_route=\/wp\/v2\/pages\/1271\/revisions\/1341"}],"wp:attachment":[{"href":"http:\/\/steuerberater-plinke.de\/index.php?rest_route=%2Fwp%2Fv2%2Fmedia&parent=1271"}],"curies":[{"name":"wp","href":"https:\/\/api.w.org\/{rel}","templated":true}]}}